{"id":2,"date":"2018-03-09T16:33:48","date_gmt":"2018-03-09T15:33:48","guid":{"rendered":"http:\/\/popchornrostock.de\/wp\/?page_id=2"},"modified":"2026-04-16T20:34:26","modified_gmt":"2026-04-16T18:34:26","slug":"beispiel-seite","status":"publish","type":"page","link":"https:\/\/popchornrostock.de\/","title":{"rendered":"Wir \u00fcber uns"},"content":{"rendered":"<p>PopChorn geh\u00f6rt in der Rostocker Chorszene im Bereich Popularmusik zum Urgestein.<br>Zuhause an der Rock- und Pop-Schule in Marienehe bringen 30 S\u00e4ngerinnen und S\u00e4nger seit \u00fcber 20 Jahren sowohl Klassiker als auch aktuelle Titel der Rock- und Pop-Musik auf die B\u00fchne. Seit 2017 ist Dmitry Krasilnikov unser Chorleiter.<\/p>\n<p>Ein Highlight der Chorgeschichte war sicher 2014 der gemeinsame Auftritt mit der Band \u201eForeigner\u201c in der Rostocker Stadthalle.<\/p>\n<p><img loading=\"lazy\" decoding=\"async\" class=\"wp-image-1019  alignleft\" src=\"https:\/\/popchornrostock.de\/wp-content\/uploads\/2026\/02\/Popchorn_Nikolai_2025_02-300x200.jpeg\" alt=\"\" width=\"640\" height=\"426\" srcset=\"https:\/\/popchornrostock.de\/wp-content\/uploads\/2026\/02\/Popchorn_Nikolai_2025_02-300x200.jpeg 300w, https:\/\/popchornrostock.de\/wp-content\/uploads\/2026\/02\/Popchorn_Nikolai_2025_02-1024x683.jpeg 1024w, https:\/\/popchornrostock.de\/wp-content\/uploads\/2026\/02\/Popchorn_Nikolai_2025_02-768x512.jpeg 768w, https:\/\/popchornrostock.de\/wp-content\/uploads\/2026\/02\/Popchorn_Nikolai_2025_02-1536x1024.jpeg 1536w, https:\/\/popchornrostock.de\/wp-content\/uploads\/2026\/02\/Popchorn_Nikolai_2025_02.jpeg 1600w\" sizes=\"auto, (max-width: 640px) 100vw, 640px\" \/><\/p>\n<p>Egal, ob a capella oder mit Begleitung, englischsprachig oder deutsch, mitrei\u00dfend oder gef\u00fchlvoll: gesungen wird nur, was in die Beine oder ins Herz geht.<\/p>\n<p>&#8230; und wenn die K\u00f6rner dann richtig hei\u00df sind, springen sie aus dem Topf!<\/p>\n<p>Wir sind offen f\u00fcr alle, die gerne im Chor singen m\u00f6chten. Vorkenntnisse sind nicht n\u00f6tig. Bei Interesse kannst Du \u00fcber das <a href=\"https:\/\/popchornrostock.de\/?page_id=41\">Kontaktformular<\/a> mit uns in Verbindung treten oder einfach zu einer Probe vorbeikommen. Wir proben au\u00dfer in den Schulferien immer donnerstags ab 19:30Uhr in der <a href=\"https:\/\/www.rockpopschule-rostock.de\/\">Rock- und Pop Schule<\/a> in Rostock Marienehe. Alle Auftrittstermine findest Du <a href=\"https:\/\/popchornrostock.de\/?page_id=31\">hier<\/a>.<\/p>\n<p>\u00dcbrigens, Du findest uns jetzt auch auf Instagram: <a href=\"https:\/\/www.instagram.com\/popchornrostock?igsh=eXVnOXl4cnk0ZDl6&amp;utm_source=qr\">@popchornrostock<\/a><\/p>\n\n<div class=\"wp-block-image\">\n<figure class=\"aligncenter size-medium\"><img loading=\"lazy\" decoding=\"async\" width=\"300\" height=\"169\" src=\"https:\/\/popchornrostock.de\/wp-content\/uploads\/2026\/04\/PopChorn_Logo_500-300x169.png\" alt=\"\" class=\"wp-image-1045\" srcset=\"https:\/\/popchornrostock.de\/wp-content\/uploads\/2026\/04\/PopChorn_Logo_500-300x169.png 300w, https:\/\/popchornrostock.de\/wp-content\/uploads\/2026\/04\/PopChorn_Logo_500.png 500w\" sizes=\"auto, (max-width: 300px) 100vw, 300px\" \/><\/figure>\n<\/div>","protected":false},"excerpt":{"rendered":"<p>PopChorn geh\u00f6rt in der Rostocker Chorszene im Bereich Popularmusik zum Urgestein.Zuhause an der Rock- und Pop-Schule in Marienehe bringen 30 S\u00e4ngerinnen und S\u00e4nger seit \u00fcber 20 Jahren sowohl Klassiker als auch aktuelle Titel der Rock- und Pop-Musik auf die B\u00fchne. Seit 2017 ist Dmitry Krasilnikov unser Chorleiter. Ein Highlight der Chorgeschichte war sicher 2014 der &hellip; <\/p>\n<p class=\"link-more\"><a href=\"https:\/\/popchornrostock.de\/\" class=\"more-link\"><span class=\"screen-reader-text\">\u201eWir \u00fcber uns\u201c <\/span>weiterlesen<\/a><\/p>\n","protected":false},"author":1,"featured_media":0,"parent":0,"menu_order":0,"comment_status":"closed","ping_status":"open","template":"","meta":{"ngg_post_thumbnail":0,"footnotes":""},"class_list":["post-2","page","type-page","status-publish","hentry"],"_links":{"self":[{"href":"https:\/\/popchornrostock.de\/index.php?rest_route=\/wp\/v2\/pages\/2","targetHints":{"allow":["GET"]}}],"collection":[{"href":"https:\/\/popchornrostock.de\/index.php?rest_route=\/wp\/v2\/pages"}],"about":[{"href":"https:\/\/popchornrostock.de\/index.php?rest_route=\/wp\/v2\/types\/page"}],"author":[{"embeddable":true,"href":"https:\/\/popchornrostock.de\/index.php?rest_route=\/wp\/v2\/users\/1"}],"replies":[{"embeddable":true,"href":"https:\/\/popchornrostock.de\/index.php?rest_route=%2Fwp%2Fv2%2Fcomments&post=2"}],"version-history":[{"count":22,"href":"https:\/\/popchornrostock.de\/index.php?rest_route=\/wp\/v2\/pages\/2\/revisions"}],"predecessor-version":[{"id":1048,"href":"https:\/\/popchornrostock.de\/index.php?rest_route=\/wp\/v2\/pages\/2\/revisions\/1048"}],"wp:attachment":[{"href":"https:\/\/popchornrostock.de\/index.php?rest_route=%2Fwp%2Fv2%2Fmedia&parent=2"}],"curies":[{"name":"wp","href":"https:\/\/api.w.org\/{rel}","templated":true}]}}